{"id":1148,"date":"2016-08-09T17:25:35","date_gmt":"2016-08-09T15:25:35","guid":{"rendered":"http:\/\/parafia-ostrorog.pl\/?page_id=1148"},"modified":"2017-09-23T18:48:12","modified_gmt":"2017-09-23T16:48:12","slug":"porzadek-nabozenstw","status":"publish","type":"page","link":"https:\/\/parafia-ostrorog.pl\/index.php\/nabozenstwa\/porzadek-nabozenstw\/","title":{"rendered":"Porz\u0105dek nabo\u017ce\u0144stw"},"content":{"rendered":"<p style=\"text-align: center;\">\n\t<strong><span style=\"font-size:18px;\"><span style=\"font-family:georgia,serif;\">PORZ\u0104DEK NABO\u017bE\u0143STW<\/span><\/span><span style=\"font-size:18px;\"><span style=\"font-family:georgia,serif;\">W PARAFII PW. NMP WNIEBOWZI\u0118TEJ&nbsp;<\/span><\/span><br \/>\n\t<span style=\"font-size:18px;\"><span style=\"font-family:georgia,serif;\">W OSTROROGU<\/span><\/span><\/strong>\n<\/p>\n<p>\n\t&nbsp;\n<\/p>\n<p>\n\t<span style=\"color:#000000;\"><strong><span style=\"font-size:18px;\"><span style=\"font-family:georgia,serif;\"><u>MSZE \u015aWI\u0118TE<\/u><\/span><\/span><\/strong><\/span>\n<\/p>\n<p>\n\t<span style=\"color:#000000;\"><span style=\"font-size:18px;\"><span style=\"font-family:georgia,serif;\">\u25cf w niedziele: 7:30, 9:00, 11:00, &nbsp;<\/span><\/span><\/span>\n<\/p>\n<p>\n\t<span style=\"color:#000000;\"><span style=\"font-size:18px;\"><span style=\"font-family:georgia,serif;\">SOBOTA 16:30 w Oporowie<\/span><\/span><\/span>\n<\/p>\n<p>\n\t<span style=\"color:#000000;\"><span style=\"font-size:18px;\"><span style=\"font-family:georgia,serif;\">\u25cf w tygodniu: 17:30; w soboty:&nbsp;17:30<\/span><\/span><\/span>\n<\/p>\n<p>\n\t<span style=\"color:#000000;\"><span style=\"font-size:18px;\"><span style=\"font-family:georgia,serif;\">\u25cf w okresie wakacyjnym- j\/w<\/span><\/span><\/span>\n<\/p>\n<p>\n\t&nbsp;\n<\/p>\n<p>\n\t<span style=\"color:#000000;\"><strong><span style=\"font-size:18px;\"><span style=\"font-family:georgia,serif;\"><u>NABO\u017bE\u0143STWA<\/u><\/span><\/span><\/strong><\/span>\n<\/p>\n<p>\n\t<span style=\"color:#000000;\"><span style=\"font-size:18px;\"><span style=\"font-family:georgia,serif;\">\u25cf Droga Krzy\u017cowa: w ka\u017cdy pi\u0105tek Wielkiego Postu<\/span><\/span><\/span>\n<\/p>\n<p>\n\t<span style=\"color:#000000;\"><span style=\"font-size:18px;\"><span style=\"font-family:georgia,serif;\">&nbsp;o 17:30<\/span><\/span><\/span>\n<\/p>\n<p>\n\t<span style=\"color:#000000;\"><span style=\"font-size:18px;\"><span style=\"font-family:georgia,serif;\">\u25cf Gorzkie \u017bale w ka\u017cd\u0105 niedziel\u0119 Wielkiego Postu o 14:00<\/span><\/span><\/span>\n<\/p>\n<p>\n\t<span style=\"color:#000000;\"><span style=\"font-size:18px;\"><span style=\"font-family:georgia,serif;\">\u25cf W po\u0142\u0105czeniu z wieczorn\u0105 Msz\u0105 \u015awi\u0119t\u0105 o godz. 17:55<\/span><\/span><\/span>\n<\/p>\n<p>\n\t<span style=\"color:#000000;\"><span style=\"font-size:18px;\"><span style=\"font-family:georgia,serif;\">-Nabo\u017ce\u0144stwa Majowe oraz Nabo\u017ce\u0144stwa Czerwcowe<\/span><\/span><\/span>\n<\/p>\n<p>\n\t<span style=\"color:#000000;\"><span style=\"font-size:18px;\"><span style=\"font-family:georgia,serif;\">-Nowenna do Matki Bo\u017cej Nieustaj\u0105cej Pomocy w ka\u017cd\u0105 \u015brod\u0119<\/span><\/span><\/span>\n<\/p>\n<p>\n\t<span style=\"color:#000000;\"><span style=\"font-size:18px;\"><span style=\"font-family:georgia,serif;\">\u25cf I czwartek miesi\u0105ca:<\/span><\/span><\/span>\n<\/p>\n<p>\n\t<span style=\"color:#000000;\"><span style=\"font-size:18px;\"><span style=\"font-family:georgia,serif;\">O godz. 17:30 wystawienie Naj\u015bwi\u0119tszego Sakramentu&nbsp;<\/span><\/span><\/span><span style=\"color:#000000;\"><span style=\"font-size:18px;\"><span style=\"font-family:georgia,serif;\">i Adoracja&nbsp;<\/span><\/span><\/span><span style=\"color:#000000;\"><span style=\"font-size:18px;\"><span style=\"font-family:georgia,serif;\">w intencji kap\u0142an&oacute;w i o nowe, liczne powo\u0142ania kap\u0142a\u0144skie, zakonne i misyjne<\/span><\/span><\/span>\n<\/p>\n<p>\n\t<span style=\"color:#000000;\"><span style=\"font-size:18px;\"><span style=\"font-family:georgia,serif;\">&#8211; o godz. 18:00 Msza \u015aw. w intencji wszystkich zmar\u0142ych z wymienianek rocznych<\/span><\/span><\/span>\n<\/p>\n<p>\n\t<span style=\"color:#000000;\"><span style=\"font-size:18px;\"><span style=\"font-family:georgia,serif;\">\u25cf I pi\u0105tek miesi\u0105ca:<\/span><\/span><\/span>\n<\/p>\n<p>\n\t<span style=\"color:#000000;\"><span style=\"font-size:18px;\"><span style=\"font-family:georgia,serif;\">&#8211; spowied\u017a dla dzieci od godz. 16:00, dla m\u0142odzie\u017cy i doros\u0142ych od godz. 17:00<\/span><\/span><\/span>\n<\/p>\n<p>\n\t<span style=\"color:#000000;\"><span style=\"font-size:18px;\"><span style=\"font-family:georgia,serif;\">&#8211; Nabo\u017ce\u0144stwo do Naj\u015bwi\u0119tszego Serca Pana Jezusa o godz. 17:55&nbsp;<\/span><\/span><\/span><span style=\"color:#000000;\"><span style=\"font-size:18px;\"><span style=\"font-family:georgia,serif;\">z wystawieniem Naj\u015bwi\u0119tszego Sakramentu<\/span><\/span><\/span>\n<\/p>\n<p>\n\t<span style=\"color:#000000;\"><span style=\"font-size:18px;\"><span style=\"font-family:georgia,serif;\">\u25cf I sobota miesi\u0105ca:<\/span><\/span><\/span>\n<\/p>\n<p>\n\t<span style=\"color:#000000;\"><span style=\"font-size:18px;\"><span style=\"font-family:georgia,serif;\">Nabo\u017ce\u0144stwo do Naj\u015bwi\u0119tszej Maryi Panny przed wieczorn\u0105&nbsp;Msz\u0105 \u015awi\u0119t\u0105<\/span><\/span><\/span>\n<\/p>\n<p>\n\t<span style=\"color:#000000;\"><strong><span style=\"font-size:18px;\"><span style=\"font-family:georgia,serif;\"><u>SPOWIED\u0179 \u015aWI\u0118TA<\/u><\/span><\/span><\/strong><\/span>\n<\/p>\n<p>\n\t<span style=\"color:#000000;\"><span style=\"font-size:18px;\"><span style=\"font-family:georgia,serif;\">\u25cf Codziennie p&oacute;\u0142 godziny przed ka\u017cd\u0105 Msz\u0105 \u015awi\u0119t\u0105<\/span><\/span><\/span>\n<\/p>\n<p>\n\t<span style=\"color:#000000;\"><strong><span style=\"font-size:18px;\"><span style=\"font-family:georgia,serif;\"><u>SAKRAMENT CHRZTU<\/u><\/span><\/span><\/strong><\/span>\n<\/p>\n<p>\n\t<span style=\"color:#000000;\"><span style=\"font-size:18px;\"><span style=\"font-family:georgia,serif;\">\u25cf ostatnia sobota miesi\u0105ca<\/span><\/span><\/span>\n<\/p>\n<p>\n\t<span style=\"color:#000000;\"><span style=\"font-size:18px;\"><span style=\"font-family:georgia,serif;\"><u><strong>ODWIEDZINY CHORYCH<\/strong> z sakramentem pokuty i namaszczeniem chorych<\/u><\/span><\/span><\/span>\n<\/p>\n<p>\n\t<span style=\"color:#000000;\"><span style=\"font-size:18px;\"><span style=\"font-family:georgia,serif;\">\u25cf ka\u017cdy Pierwszy Pi\u0105tek miesi\u0105ca<\/span><\/span><\/span>\n<\/p>\n<p>\n\t<span style=\"color:#000000;\"><span style=\"font-size:18px;\"><span style=\"font-family:georgia,serif;\">\u25cf w nag\u0142ych wypadkach &#8211; w ka\u017cdej chwili w miar\u0119 mo\u017cliwo\u015bci dyspozycyjno\u015bci kap\u0142ana<\/span><\/span><\/span>\n<\/p>\n<p>\n\t<span style=\"color:#000000;\"><strong><span style=\"font-size:18px;\"><span style=\"font-family:georgia,serif;\"><u>BIURO PARAFIALNE<\/u><\/span><\/span><\/strong><\/span>\n<\/p>\n<p>\n\t<span style=\"color:#000000;\"><span style=\"font-size:18px;\"><span style=\"font-family:georgia,serif;\">\u25cf od poniedzia\u0142ku do soboty po Mszy \u015awi\u0119tej wieczornej<\/span><\/span><\/span>\n<\/p>\n<p>\n\t&nbsp;<\/p>\n","protected":false},"excerpt":{"rendered":"<p>PORZ\u0104DEK NABO\u017bE\u0143STWW PARAFII PW. NMP WNIEBOWZI\u0118TEJ&nbsp; W OSTROROGU &nbsp; MSZE \u015aWI\u0118TE \u25cf w niedziele: 7:30, 9:00, 11:00, &nbsp; SOBOTA 16:30 w Oporowie \u25cf w tygodniu: 17:30; w soboty:&nbsp;17:30 \u25cf w okresie wakacyjnym- j\/w &nbsp; NABO\u017bE\u0143STWA \u25cf Droga Krzy\u017cowa: w ka\u017cdy pi\u0105tek Wielkiego Postu &nbsp;o 17:30 \u25cf Gorzkie \u017bale w ka\u017cd\u0105 niedziel\u0119 Wielkiego Postu o 14:00 [&hellip;]<\/p>\n","protected":false},"author":1,"featured_media":0,"parent":1146,"menu_order":0,"comment_status":"closed","ping_status":"closed","template":"","meta":{"ngg_post_thumbnail":0,"footnotes":""},"class_list":["post-1148","page","type-page","status-publish","hentry"],"_links":{"self":[{"href":"https:\/\/parafia-ostrorog.pl\/index.php\/wp-json\/wp\/v2\/pages\/1148","targetHints":{"allow":["GET"]}}],"collection":[{"href":"https:\/\/parafia-ostrorog.pl\/index.php\/wp-json\/wp\/v2\/pages"}],"about":[{"href":"https:\/\/parafia-ostrorog.pl\/index.php\/wp-json\/wp\/v2\/types\/page"}],"author":[{"embeddable":true,"href":"https:\/\/parafia-ostrorog.pl\/index.php\/wp-json\/wp\/v2\/users\/1"}],"replies":[{"embeddable":true,"href":"https:\/\/parafia-ostrorog.pl\/index.php\/wp-json\/wp\/v2\/comments?post=1148"}],"version-history":[{"count":9,"href":"https:\/\/parafia-ostrorog.pl\/index.php\/wp-json\/wp\/v2\/pages\/1148\/revisions"}],"predecessor-version":[{"id":7891,"href":"https:\/\/parafia-ostrorog.pl\/index.php\/wp-json\/wp\/v2\/pages\/1148\/revisions\/7891"}],"up":[{"embeddable":true,"href":"https:\/\/parafia-ostrorog.pl\/index.php\/wp-json\/wp\/v2\/pages\/1146"}],"wp:attachment":[{"href":"https:\/\/parafia-ostrorog.pl\/index.php\/wp-json\/wp\/v2\/media?parent=1148"}],"curies":[{"name":"wp","href":"https:\/\/api.w.org\/{rel}","templated":true}]}}

Porządek nabożeństw

<p style="text-align: center;">
	<strong><span style="font-size:18px;"><span style="font-family:georgia,serif;">PORZĄDEK NABOŻEŃSTW</span></span><span style="font-size:18px;"><span style="font-family:georgia,serif;">W PARAFII PW. NMP WNIEBOWZIĘTEJ&nbsp;</span></span><br />
	<span style="font-size:18px;"><span style="font-family:georgia,serif;">W OSTROROGU</span></span></strong>
</p>
<p>
	&nbsp;
</p>
<p>
	<span style="color:#000000;"><strong><span style="font-size:18px;"><span style="font-family:georgia,serif;"><u>MSZE ŚWIĘTE</u></span></span></strong></span>
</p>
<p>
	<span style="color:#000000;"><span style="font-size:18px;"><span style="font-family:georgia,serif;">● w niedziele: 7:30, 9:00, 11:00, &nbsp;</span></span></span>
</p>
<p>
	<span style="color:#000000;"><span style="font-size:18px;"><span style="font-family:georgia,serif;">SOBOTA 16:30 w Oporowie</span></span></span>
</p>
<p>
	<span style="color:#000000;"><span style="font-size:18px;"><span style="font-family:georgia,serif;">● w tygodniu: 17:30; w soboty:&nbsp;17:30</span></span></span>
</p>
<p>
	<span style="color:#000000;"><span style="font-size:18px;"><span style="font-family:georgia,serif;">● w okresie wakacyjnym- j/w</span></span></span>
</p>
<p>
	&nbsp;
</p>
<p>
	<span style="color:#000000;"><strong><span style="font-size:18px;"><span style="font-family:georgia,serif;"><u>NABOŻEŃSTWA</u></span></span></strong></span>
</p>
<p>
	<span style="color:#000000;"><span style="font-size:18px;"><span style="font-family:georgia,serif;">● Droga Krzyżowa: w każdy piątek Wielkiego Postu</span></span></span>
</p>
<p>
	<span style="color:#000000;"><span style="font-size:18px;"><span style="font-family:georgia,serif;">&nbsp;o 17:30</span></span></span>
</p>
<p>
	<span style="color:#000000;"><span style="font-size:18px;"><span style="font-family:georgia,serif;">● Gorzkie Żale w każdą niedzielę Wielkiego Postu o 14:00</span></span></span>
</p>
<p>
	<span style="color:#000000;"><span style="font-size:18px;"><span style="font-family:georgia,serif;">● W połączeniu z wieczorną Mszą Świętą o godz. 17:55</span></span></span>
</p>
<p>
	<span style="color:#000000;"><span style="font-size:18px;"><span style="font-family:georgia,serif;">-Nabożeństwa Majowe oraz Nabożeństwa Czerwcowe</span></span></span>
</p>
<p>
	<span style="color:#000000;"><span style="font-size:18px;"><span style="font-family:georgia,serif;">-Nowenna do Matki Bożej Nieustającej Pomocy w każdą środę</span></span></span>
</p>
<p>
	<span style="color:#000000;"><span style="font-size:18px;"><span style="font-family:georgia,serif;">● I czwartek miesiąca:</span></span></span>
</p>
<p>
	<span style="color:#000000;"><span style="font-size:18px;"><span style="font-family:georgia,serif;">O godz. 17:30 wystawienie Najświętszego Sakramentu&nbsp;</span></span></span><span style="color:#000000;"><span style="font-size:18px;"><span style="font-family:georgia,serif;">i Adoracja&nbsp;</span></span></span><span style="color:#000000;"><span style="font-size:18px;"><span style="font-family:georgia,serif;">w intencji kapłan&oacute;w i o nowe, liczne powołania kapłańskie, zakonne i misyjne</span></span></span>
</p>
<p>
	<span style="color:#000000;"><span style="font-size:18px;"><span style="font-family:georgia,serif;">&#8211; o godz. 18:00 Msza Św. w intencji wszystkich zmarłych z wymienianek rocznych</span></span></span>
</p>
<p>
	<span style="color:#000000;"><span style="font-size:18px;"><span style="font-family:georgia,serif;">● I piątek miesiąca:</span></span></span>
</p>
<p>
	<span style="color:#000000;"><span style="font-size:18px;"><span style="font-family:georgia,serif;">&#8211; spowiedź dla dzieci od godz. 16:00, dla młodzieży i dorosłych od godz. 17:00</span></span></span>
</p>
<p>
	<span style="color:#000000;"><span style="font-size:18px;"><span style="font-family:georgia,serif;">&#8211; Nabożeństwo do Najświętszego Serca Pana Jezusa o godz. 17:55&nbsp;</span></span></span><span style="color:#000000;"><span style="font-size:18px;"><span style="font-family:georgia,serif;">z wystawieniem Najświętszego Sakramentu</span></span></span>
</p>
<p>
	<span style="color:#000000;"><span style="font-size:18px;"><span style="font-family:georgia,serif;">● I sobota miesiąca:</span></span></span>
</p>
<p>
	<span style="color:#000000;"><span style="font-size:18px;"><span style="font-family:georgia,serif;">Nabożeństwo do Najświętszej Maryi Panny przed wieczorną&nbsp;Mszą Świętą</span></span></span>
</p>
<p>
	<span style="color:#000000;"><strong><span style="font-size:18px;"><span style="font-family:georgia,serif;"><u>SPOWIEDŹ ŚWIĘTA</u></span></span></strong></span>
</p>
<p>
	<span style="color:#000000;"><span style="font-size:18px;"><span style="font-family:georgia,serif;">● Codziennie p&oacute;ł godziny przed każdą Mszą Świętą</span></span></span>
</p>
<p>
	<span style="color:#000000;"><strong><span style="font-size:18px;"><span style="font-family:georgia,serif;"><u>SAKRAMENT CHRZTU</u></span></span></strong></span>
</p>
<p>
	<span style="color:#000000;"><span style="font-size:18px;"><span style="font-family:georgia,serif;">● ostatnia sobota miesiąca</span></span></span>
</p>
<p>
	<span style="color:#000000;"><span style="font-size:18px;"><span style="font-family:georgia,serif;"><u><strong>ODWIEDZINY CHORYCH</strong> z sakramentem pokuty i namaszczeniem chorych</u></span></span></span>
</p>
<p>
	<span style="color:#000000;"><span style="font-size:18px;"><span style="font-family:georgia,serif;">● każdy Pierwszy Piątek miesiąca</span></span></span>
</p>
<p>
	<span style="color:#000000;"><span style="font-size:18px;"><span style="font-family:georgia,serif;">● w nagłych wypadkach &#8211; w każdej chwili w miarę możliwości dyspozycyjności kapłana</span></span></span>
</p>
<p>
	<span style="color:#000000;"><strong><span style="font-size:18px;"><span style="font-family:georgia,serif;"><u>BIURO PARAFIALNE</u></span></span></strong></span>
</p>
<p>
	<span style="color:#000000;"><span style="font-size:18px;"><span style="font-family:georgia,serif;">● od poniedziałku do soboty po Mszy Świętej wieczornej</span></span></span>
</p>
<p>
	&nbsp;</p>

<p>PORZĄDEK NABOŻEŃSTWW PARAFII PW. NMP WNIEBOWZIĘTEJ&nbsp; W OSTROROGU &nbsp; MSZE ŚWIĘTE ● w niedziele: 7:30, 9:00, 11:00, &nbsp; SOBOTA 16:30 w Oporowie ● w tygodniu: 17:30; w soboty:&nbsp;17:30 ● w okresie wakacyjnym- j/w &nbsp; NABOŻEŃSTWA ● Droga Krzyżowa: w każdy piątek Wielkiego Postu &nbsp;o 17:30 ● Gorzkie Żale w każdą niedzielę Wielkiego Postu o 14:00 [&hellip;]</p>
