{"id":1572,"date":"2016-09-23T13:34:00","date_gmt":"2016-09-23T11:34:00","guid":{"rendered":"http:\/\/parafia-ostrorog.pl\/?page_id=1572"},"modified":"2026-04-19T13:49:38","modified_gmt":"2026-04-19T11:49:38","slug":"intencje-mszalne","status":"publish","type":"page","link":"https:\/\/parafia-ostrorog.pl\/index.php\/informacje\/intencje-mszalne\/","title":{"rendered":"Intencje mszalne"},"content":{"rendered":"\n<p><\/p>\n\n\n<h2>&nbsp;<\/h2>\n<p>&nbsp;<\/p>\n<h2 style=\"text-align: left;\"><span style=\"color: #000000;\"><!--more--><\/span><\/h2>\n<h4 style=\"text-align: center;\"><span style=\"color: #000000;\"><strong style=\"font-size: 1.6em;\">&nbsp; &nbsp; &nbsp; <img loading=\"lazy\" decoding=\"async\" class=\"size-full wp-image-13430 alignleft\" src=\"https:\/\/parafia-ostrorog.pl\/wp-content\/uploads\/2020\/11\/lk.png\" alt=\"\" width=\"249\" height=\"98\">Intencje mszalne<\/strong><strong> &nbsp;<br><\/strong><strong>&nbsp; &nbsp; &nbsp;<br>&nbsp; &nbsp; &nbsp; &nbsp; &nbsp; &nbsp; &nbsp; &nbsp; &nbsp; &nbsp; &nbsp; &nbsp; &nbsp; &nbsp; &nbsp; &nbsp; &nbsp; &nbsp; &nbsp; &nbsp; &nbsp; &nbsp; &nbsp; &nbsp; &nbsp; &nbsp; &nbsp; &nbsp; &nbsp; &nbsp; &nbsp; &nbsp; &nbsp; &nbsp; &nbsp; &nbsp; &nbsp; &nbsp; &nbsp; &nbsp; &nbsp; &nbsp; 19. 04. 2026r. &#8211; <\/strong><\/span><\/h4>\n<h4 style=\"text-align: center;\"><span style=\"color: #000000;\"><strong>&nbsp; &nbsp; &nbsp; &nbsp; &nbsp;26. 04<\/strong><strong>. 2026r.<\/strong><\/span><\/h4>\n<h2>&nbsp;<\/h2>\n<h2>&nbsp;&nbsp;&nbsp;<\/h2>\n<h2><em><span style=\"color: #000000;\"><strong>Niedziela 19.04.2026r.<\/strong>&nbsp;&nbsp;&nbsp;<\/span><\/em><\/h2>\n<h2><em><span style=\"color: #000000;\">&nbsp;&nbsp;&nbsp;&nbsp;&nbsp;&nbsp;&nbsp; 7:30&nbsp;&nbsp;&nbsp;&nbsp;&nbsp; 1) + Eugeniusza Bartoszaka<\/span><\/em><\/h2>\n<h2><em><span style=\"color: #000000;\">&nbsp;&nbsp;&nbsp;&nbsp;&nbsp;&nbsp;&nbsp;&nbsp;&nbsp;&nbsp;&nbsp;&nbsp;&nbsp;&nbsp;&nbsp;&nbsp;&nbsp;&nbsp;&nbsp;&nbsp; 2) + Lucyn\u0119 Wes\u00f3\u0142<\/span><\/em><\/h2>\n<h2><em><span style=\"color: #000000;\">&nbsp;&nbsp;&nbsp;&nbsp;&nbsp;&nbsp;&nbsp; 9:00&nbsp;&nbsp;&nbsp;&nbsp; 1) + Grzegorza Rzepi\u0144skiego<\/span><\/em><\/h2>\n<h2><em><span style=\"color: #000000;\">&nbsp;&nbsp;&nbsp;&nbsp;&nbsp;&nbsp;&nbsp;&nbsp;&nbsp;&nbsp;&nbsp;&nbsp;&nbsp;&nbsp;&nbsp;&nbsp;&nbsp;&nbsp;&nbsp; 2) + Zygmunta Ko\u0142odziejczyka 24 rocznica \u015bmierci, Miros\u0142awa&nbsp; Ko\u0142odziejczyka<\/span><\/em><\/h2>\n<h2><em><span style=\"color: #000000;\">&nbsp;&nbsp;&nbsp;&nbsp;&nbsp;&nbsp;&nbsp; 10:00&nbsp;&nbsp; 1) + Hann\u0119 Rodak<\/span><\/em><\/h2>\n<h2><em><span style=\"color: #000000;\">&nbsp;&nbsp;&nbsp;&nbsp;&nbsp;&nbsp;&nbsp;&nbsp;&nbsp;&nbsp;&nbsp;&nbsp;&nbsp;&nbsp;&nbsp;&nbsp;&nbsp;&nbsp;&nbsp; 2) + Edwarda Rosad\u0119<\/span><\/em><\/h2>\n<h2><em><span style=\"color: #000000;\">&nbsp;&nbsp;&nbsp;&nbsp;&nbsp;&nbsp; 11:00&nbsp;&nbsp;&nbsp; 1)&nbsp; + Felicj\u0119 Bura\u0142 11 rocznica \u015bmierci, Czes\u0142awa Bura\u0142a, zmar\u0142ych z rodziny, Kazimierza Ratajczaka 15 rocznica \u015bmierci, Kazimier\u0119, Andrzeja Ratajczak i zmar\u0142ych z rodziny<\/span><\/em><\/h2>\n<h2><em><span style=\"color: #000000;\">&nbsp;&nbsp;&nbsp;&nbsp;&nbsp;&nbsp;&nbsp;&nbsp;&nbsp;&nbsp;&nbsp;&nbsp;&nbsp;&nbsp;&nbsp;&nbsp;&nbsp;&nbsp;&nbsp; 2)&nbsp; + Hieronima Nogaja<\/span><\/em><\/h2>\n<h2><em><span style=\"color: #000000;\"><strong>Poniedzia\u0142ek 20.04.2026r.<\/strong>&nbsp;&nbsp;&nbsp;<\/span><\/em><\/h2>\n<h2><em><span style=\"color: #000000;\">&nbsp;&nbsp;&nbsp;&nbsp;&nbsp;&nbsp; 17:00&nbsp;&nbsp;&nbsp; + Zofi\u0119 Kucza<\/span><\/em><em><span style=\"color: #000000;\">&nbsp; &nbsp; &nbsp; &nbsp;&nbsp;<\/span><\/em><\/h2>\n<h2><em><span style=\"color: #000000;\"><strong>Wtorek&nbsp; 21.04.2026r.<\/strong>&nbsp;&nbsp;&nbsp; &nbsp;&nbsp;&nbsp;&nbsp;&nbsp;&nbsp;&nbsp;&nbsp;&nbsp;&nbsp;<\/span><\/em><em><span style=\"color: #000000;\">&nbsp;&nbsp;<\/span><\/em><\/h2>\n<h2><em><span style=\"color: #000000;\">&nbsp; 17:00&nbsp;&nbsp; + Hann\u0119 Rodak<\/span><\/em><\/h2>\n<h2><em><span style=\"color: #000000;\"><strong>\u015aroda&nbsp; 22.04<\/strong><strong>.2026r. za po\u015brednictwem MBNP &nbsp;i \u015bw. Szarbela<\/strong>&nbsp;&nbsp;&nbsp;&nbsp;<\/span><\/em><\/h2>\n<h2><em><span style=\"color: #000000;\">&nbsp;17:00&nbsp;&nbsp; &#8211; w pewnej intencji<\/span><\/em><\/h2>\n<h2><em><span style=\"color: #000000;\">&nbsp;&nbsp;&nbsp;&nbsp;&nbsp;&nbsp;&nbsp;&nbsp;&nbsp; &nbsp;&nbsp; &#8211; &nbsp;o zdrowie i b\u0142ogos\u0142awie\u0144stwo w rodzinie<\/span><\/em><\/h2>\n<h2><em><span style=\"color: #000000;\">&nbsp;&nbsp;&nbsp;&nbsp;&nbsp;&nbsp;&nbsp;&nbsp;&nbsp; &nbsp;&nbsp;&#8211; z okazji 45 rocznicy \u015blubu Urszuli i Jana z podzi\u0119kowaniem Panu Bogu za <\/span><\/em><em><span style=\"color: #000000;\">otrzymane \u0142aski i z pro\u015bb\u0105 o dalsze Bo\u017ce b\u0142ogos\u0142awie\u0144stwo&nbsp;&nbsp;&nbsp; &nbsp;&nbsp;&nbsp;&nbsp;&nbsp;&nbsp;<\/span><\/em><\/h2>\n<h2><em><span style=\"color: #000000;\">&nbsp;&nbsp;&nbsp;&nbsp;&nbsp;&nbsp;&nbsp;&nbsp;&nbsp;&nbsp;&nbsp;&nbsp;&nbsp;&nbsp; <strong>za zmar\u0142ych:<\/strong><\/span><\/em><\/h2>\n<h2><em><span style=\"color: #000000;\">&nbsp;&nbsp;&nbsp;&nbsp;&nbsp;&nbsp;&nbsp;&nbsp;&nbsp;&nbsp;&nbsp;&nbsp;&nbsp;&nbsp;&nbsp; + Stanis\u0142aw\u0119, Stanis\u0142awa Sobczak i zmar\u0142ych z rodziny<\/span><\/em><\/h2>\n<h2><em><span style=\"color: #000000;\">&nbsp;&nbsp;&nbsp;&nbsp;&nbsp; + Grzegorza Rzepi\u0144skiego<\/span><\/em><\/h2>\n<h2><em><span style=\"color: #000000;\">&nbsp;&nbsp;&nbsp;&nbsp;&nbsp;&nbsp;&nbsp;&nbsp;&nbsp; &nbsp;&nbsp;&nbsp;&nbsp;&nbsp; + Halin\u0119 Czaja<\/span><\/em><\/h2>\n<h2><em><span style=\"color: #000000;\">&nbsp;&nbsp;&nbsp;&nbsp;&nbsp;&nbsp;&nbsp;&nbsp;&nbsp; &nbsp;&nbsp;&nbsp;&nbsp;&nbsp; + Zofi\u0119 Kucza<\/span><\/em><\/h2>\n<h2><em><span style=\"color: #000000;\">&nbsp;&nbsp;&nbsp;&nbsp;&nbsp;&nbsp;&nbsp;&nbsp;&nbsp; &nbsp;&nbsp;&nbsp;&nbsp;&nbsp; + Janusza Rowi\u0144skiego<\/span><\/em><\/h2>\n<h2><em><span style=\"color: #000000;\">&nbsp;&nbsp;&nbsp;&nbsp;&nbsp;&nbsp;&nbsp;&nbsp;&nbsp;&nbsp;&nbsp;&nbsp;&nbsp;&nbsp;&nbsp; + Edwarda Rosad\u0119<\/span><\/em><\/h2>\n<h2><em><span style=\"color: #000000;\">&nbsp;&nbsp;&nbsp;&nbsp;&nbsp;&nbsp;&nbsp;&nbsp;&nbsp;&nbsp;&nbsp;&nbsp;&nbsp;&nbsp;&nbsp; + Eugeniusza Bartoszaka<\/span><\/em><\/h2>\n<h2><em><span style=\"color: #000000;\">&nbsp;&nbsp;&nbsp;&nbsp;&nbsp;&nbsp;&nbsp;&nbsp;&nbsp; &nbsp;&nbsp;&nbsp;&nbsp;&nbsp;&nbsp;+ Lucyn\u0119 Wes\u00f3\u0142<\/span><\/em><\/h2>\n<h2><em><span style=\"color: #000000;\">&nbsp;&nbsp;&nbsp;&nbsp;&nbsp;&nbsp;&nbsp;&nbsp;&nbsp;&nbsp;&nbsp;&nbsp;&nbsp;&nbsp; + Marcina Antoniewskiego<\/span><\/em><\/h2>\n<h2><em><span style=\"color: #000000;\">&nbsp;&nbsp;&nbsp;&nbsp;&nbsp;&nbsp;&nbsp;&nbsp;&nbsp;&nbsp; &nbsp;&nbsp;&nbsp;&nbsp;+ Iren\u0119 Wo\u017aniak<\/span><\/em><\/h2>\n<h2><em><span style=\"color: #000000;\">&nbsp;&nbsp;&nbsp;&nbsp;&nbsp;&nbsp;&nbsp;&nbsp;&nbsp;&nbsp;&nbsp;&nbsp;&nbsp;&nbsp; + Henryka Kucharczyka<\/span><\/em><\/h2>\n<h2><em><span style=\"color: #000000;\">&nbsp;&nbsp;&nbsp;&nbsp;&nbsp;&nbsp;&nbsp;&nbsp;&nbsp;&nbsp;&nbsp; &nbsp;&nbsp;&nbsp;+ J\u00f3zefa Kalotk\u0119<\/span><\/em><\/h2>\n<h2><em><span style=\"color: #000000;\">&nbsp;&nbsp;&nbsp;&nbsp;&nbsp;&nbsp;&nbsp;&nbsp;&nbsp;&nbsp;&nbsp; &nbsp;&nbsp;&nbsp;+ Franciszka Kap\u0142ona<\/span><\/em><\/h2>\n<h2><em><span style=\"color: #000000;\">&nbsp;&nbsp;&nbsp;&nbsp;&nbsp;&nbsp;&nbsp;&nbsp;&nbsp;&nbsp; &nbsp;&nbsp;&nbsp;&nbsp;+ Leszka Urbana<\/span><\/em><\/h2>\n<h2><em><span style=\"color: #000000;\">&nbsp;&nbsp;&nbsp;&nbsp;&nbsp;&nbsp;&nbsp;&nbsp; &nbsp;&nbsp;&nbsp;&nbsp;&nbsp;&nbsp;+ Roberta Rzepi\u0144skiego<\/span><\/em><\/h2>\n<h2><em><span style=\"color: #000000;\">&nbsp;&nbsp;&nbsp;&nbsp;&nbsp;&nbsp;&nbsp;&nbsp;&nbsp;&nbsp; &nbsp;&nbsp;&nbsp;+ Ann\u0119 Rzeszowsk\u0105<\/span><\/em><\/h2>\n<h2><em><span style=\"color: #000000;\"><strong>Czwartek&nbsp; 23.04.2026r.&nbsp; <\/strong><\/span><\/em><\/h2>\n<h2><em><span style=\"color: #000000;\">&nbsp;&nbsp;&nbsp;&nbsp; 17:00&nbsp; &nbsp;&nbsp;&nbsp;1) + Stanis\u0142awa, Stanis\u0142aw\u0119 Sobczak i zmar\u0142ych z rodziny<\/span><\/em><\/h2>\n<h2><em><span style=\"color: #000000;\">&nbsp;&nbsp;&nbsp;&nbsp;&nbsp;&nbsp;&nbsp;&nbsp;&nbsp;&nbsp;&nbsp; &nbsp;&nbsp;&nbsp;&nbsp;&nbsp;&nbsp;&nbsp;2) + Leonard\u0119 Swinka w 1 rocznic\u0119 \u015bmierci zmar\u0142ych z rodziny Swinka i <\/span><\/em><em><span style=\"color: #000000;\">Ta\u015bner<\/span><\/em><\/h2>\n<h2><em><span style=\"color: #000000;\"><strong>Pi\u0105tek&nbsp;&nbsp; 24.04.2026r&nbsp; <\/strong>&nbsp;<\/span><\/em><\/h2>\n<h2><em><span style=\"color: #000000;\">&nbsp;&nbsp;&nbsp;&nbsp;&nbsp;&nbsp;&nbsp; 17:00&nbsp; + Mariana Bia\u0142asika<\/span><\/em><\/h2>\n<h2><em><span style=\"color: #000000;\"><strong>Sobota 25.04.2026r. <\/strong>&nbsp;&nbsp;&nbsp;&nbsp;&nbsp;&nbsp;&nbsp;&nbsp;&nbsp;&nbsp;&nbsp;&nbsp;&nbsp;&nbsp;&nbsp;&nbsp;&nbsp;&nbsp;&nbsp;&nbsp;&nbsp;&nbsp;&nbsp;&nbsp;<\/span><\/em><\/h2>\n<h2><em><span style=\"color: #000000;\">17:00&nbsp;&nbsp; 1) &nbsp;&nbsp;z okazji 50 rocznicy \u015blubu Jadwigi i Grzegorza z podzi\u0119kowaniem <\/span><\/em><em><span style=\"color: #000000;\">Panu Bogu za otrzymane \u0142aski i z pro\u015bb\u0105 o zdrowie i Bo\u017ce <\/span><\/em><em><span style=\"color: #000000;\">b\u0142ogos\u0142awie\u0144stwo dla Jubilat\u00f3w i ca\u0142ej rodziny<\/span><\/em><\/h2>\n<h2><em><span style=\"color: #000000;\">&nbsp;&nbsp;&nbsp;&nbsp;&nbsp;&nbsp;&nbsp;&nbsp;&nbsp;&nbsp;&nbsp;&nbsp;&nbsp;&nbsp;&nbsp;&nbsp;&nbsp;&nbsp;&nbsp;&nbsp;&nbsp; 2) + Jana Gochniaka zmar\u0142ych z rodziny Gochniak\u00f3w i Serwatk\u00f3w<\/span><\/em><\/h2>\n<h2><em><span style=\"color: #000000;\">&nbsp;&nbsp;&nbsp;&nbsp;&nbsp;&nbsp;&nbsp;&nbsp;&nbsp;&nbsp;&nbsp;&nbsp;&nbsp;&nbsp;&nbsp;&nbsp;&nbsp;&nbsp; &nbsp;&nbsp;&nbsp;3) + Antoniego, Mari\u0119 zmar\u0142ych z rodziny Turk\u00f3w i \u017byt\u00f3w,&nbsp; Feliksa &nbsp;<\/span><\/em><em><span style=\"color: #000000;\">Ciebielskiego, Stanis\u0142awa, Krzysztofa J\u0105drzyk\u00f3w<\/span><\/em><\/h2>\n<h2><em><span style=\"color: #000000;\"><strong>Niedziela 26.04.2026r.<\/strong>&nbsp;&nbsp;&nbsp;<\/span><\/em><\/h2>\n<h2><em><span style=\"color: #000000;\">&nbsp;&nbsp;&nbsp;&nbsp;&nbsp;&nbsp;&nbsp; 7:30&nbsp;&nbsp;&nbsp;&nbsp;&nbsp; 1) + &nbsp;Edwarda Rosad\u0119<\/span><\/em><\/h2>\n<h2><em><span style=\"color: #000000;\">&nbsp;&nbsp;&nbsp;&nbsp; &nbsp;&nbsp;&nbsp;&nbsp;&nbsp;&nbsp;&nbsp;&nbsp;&nbsp;&nbsp;&nbsp;&nbsp;&nbsp;&nbsp;&nbsp;&nbsp;2) + Lucyn\u0119 Wes\u00f3\u0142&nbsp;&nbsp;&nbsp;&nbsp;&nbsp;&nbsp;&nbsp;&nbsp;&nbsp;&nbsp;&nbsp;&nbsp;&nbsp;&nbsp;&nbsp;<\/span><\/em><\/h2>\n<h2><em><span style=\"color: #000000;\">&nbsp;&nbsp;&nbsp;&nbsp;&nbsp;&nbsp;&nbsp; 9:00&nbsp;&nbsp;&nbsp;&nbsp; 1) + El\u017cbiet\u0119 Po\u017coga 2 rocznica \u015bmierci i zmar\u0142ych z rodziny Dolat\u00f3w<\/span><\/em><\/h2>\n<h2><em><span style=\"color: #000000;\">&nbsp;&nbsp;&nbsp;&nbsp;&nbsp;&nbsp;&nbsp;&nbsp;&nbsp;&nbsp;&nbsp;&nbsp;&nbsp;&nbsp;&nbsp;&nbsp;&nbsp;&nbsp;&nbsp; 2) + Hieronima Nogaja<\/span><\/em><\/h2>\n<h2><em><span style=\"color: #000000;\">&nbsp;&nbsp;&nbsp;&nbsp;&nbsp;&nbsp;&nbsp; 10:00&nbsp;&nbsp; 1) + Zofi\u0119 Kucza<\/span><\/em><\/h2>\n<h2><em><span style=\"color: #000000;\">&nbsp;&nbsp;&nbsp;&nbsp;&nbsp;&nbsp;&nbsp;&nbsp;&nbsp;&nbsp;&nbsp;&nbsp;&nbsp;&nbsp;&nbsp;&nbsp;&nbsp;&nbsp;&nbsp; 2) + Zygmunta Golona<\/span><\/em><\/h2>\n<h2><em><span style=\"color: #000000;\">&nbsp;&nbsp;&nbsp; &nbsp;&nbsp;&nbsp;&nbsp;&nbsp;&nbsp;&nbsp;&nbsp;&nbsp;&nbsp;&nbsp;&nbsp;&nbsp;&nbsp;&nbsp;&nbsp;3)&nbsp;&nbsp; z okazji 45 rocznicy \u015blubu Teresy i Stanis\u0142awa z podzi\u0119kowaniem <\/span><\/em><em><span style=\"color: #000000;\">Panu Bogu za otrzymane \u0142aski i z pro\u015bb\u0105 o dalsze Bo\u017ce <\/span><\/em><em><span style=\"color: #000000;\">b\u0142ogos\u0142awie\u0144stwo za po\u015brednictwem <\/span><\/em><em><span style=\"color: #000000;\">Matki Bo\u017cej dla Jubilat\u00f3w i ca\u0142ej rodziny<\/span><\/em><\/h2>\n<h2><em><span style=\"color: #000000;\">&nbsp;&nbsp;&nbsp;&nbsp;&nbsp;&nbsp; 11:00&nbsp;&nbsp;&nbsp; 1) &nbsp;+ Gertrud\u0119 Szpieg<\/span><\/em><\/h2>\n<h2><em><span style=\"color: #000000;\">&nbsp;&nbsp;&nbsp;&nbsp;&nbsp;&nbsp;&nbsp;&nbsp;&nbsp;&nbsp;&nbsp;&nbsp;&nbsp;&nbsp;&nbsp;&nbsp;&nbsp;&nbsp;&nbsp; 2)&nbsp; &nbsp;z okazji 33 rocznicy urodzin Darka i z okazji imienin Wojciecha z <\/span><\/em><em><span style=\"color: #000000;\">podzi\u0119kowaniem Panu Bogu za otrzymane \u0142aski i z pro\u015bb\u0105 o dalsze <\/span><\/em><em><span style=\"color: #000000;\">Bo\u017ce b\u0142ogos\u0142awie\u0144stwo za po\u015brednictwem Matki Bo\u017cej<\/span><\/em><\/h2>\n<h2>&nbsp;<\/h2>\n<p>&nbsp;<\/p>\n<p>&nbsp;<\/p>\n\n\n<p><\/p>\n","protected":false},"excerpt":{"rendered":"<p>&nbsp; &nbsp;<\/p>\n","protected":false},"author":1,"featured_media":5459,"parent":6,"menu_order":0,"comment_status":"closed","ping_status":"closed","template":"","meta":{"ngg_post_thumbnail":0,"footnotes":""},"class_list":["post-1572","page","type-page","status-publish","has-post-thumbnail","hentry"],"_links":{"self":[{"href":"https:\/\/parafia-ostrorog.pl\/index.php\/wp-json\/wp\/v2\/pages\/1572","targetHints":{"allow":["GET"]}}],"collection":[{"href":"https:\/\/parafia-ostrorog.pl\/index.php\/wp-json\/wp\/v2\/pages"}],"about":[{"href":"https:\/\/parafia-ostrorog.pl\/index.php\/wp-json\/wp\/v2\/types\/page"}],"author":[{"embeddable":true,"href":"https:\/\/parafia-ostrorog.pl\/index.php\/wp-json\/wp\/v2\/users\/1"}],"replies":[{"embeddable":true,"href":"https:\/\/parafia-ostrorog.pl\/index.php\/wp-json\/wp\/v2\/comments?post=1572"}],"version-history":[{"count":818,"href":"https:\/\/parafia-ostrorog.pl\/index.php\/wp-json\/wp\/v2\/pages\/1572\/revisions"}],"predecessor-version":[{"id":16181,"href":"https:\/\/parafia-ostrorog.pl\/index.php\/wp-json\/wp\/v2\/pages\/1572\/revisions\/16181"}],"up":[{"embeddable":true,"href":"https:\/\/parafia-ostrorog.pl\/index.php\/wp-json\/wp\/v2\/pages\/6"}],"wp:featuredmedia":[{"embeddable":true,"href":"https:\/\/parafia-ostrorog.pl\/index.php\/wp-json\/wp\/v2\/media\/5459"}],"wp:attachment":[{"href":"https:\/\/parafia-ostrorog.pl\/index.php\/wp-json\/wp\/v2\/media?parent=1572"}],"curies":[{"name":"wp","href":"https:\/\/api.w.org\/{rel}","templated":true}]}}