{"id":26,"date":"2016-08-03T17:40:05","date_gmt":"2016-08-03T15:40:05","guid":{"rendered":"http:\/\/parafia-ostrorog.pl\/?page_id=26"},"modified":"2016-10-02T13:06:05","modified_gmt":"2016-10-02T11:06:05","slug":"chrzest-swiety","status":"publish","type":"page","link":"https:\/\/parafia-ostrorog.pl\/index.php\/sakramenty\/chrzest-swiety\/","title":{"rendered":"Chrzest \u015bwi\u0119ty"},"content":{"rendered":"<p style=\"text-align: center;\">\n\t<span style=\"color:#0000FF;\"><span style=\"font-family:georgia,serif;\"><span style=\"font-size:18px;\"><strong>SAKRAMENT CHRZTU<\/strong><\/span><\/span><\/span>\n<\/p>\n<ul>\n<li>\n\t\t<span style=\"color:#000000;\"><span style=\"font-size:16px;\"><span style=\"font-family:georgia,serif;\"><strong>Chrzest<\/strong> jest pierwszym (bez tego sakramentu nie mo\u017cna przyj\u0105\u0107 pozosta\u0142ych) i najwa\u017cniejszym sakramentem, bo daje udzia\u0142 w \u017cyciu Bo\u017cym i moc\u0105 Ducha \u015awi\u0119tego oczyszcza z wszelkich grzech&oacute;w, tak\u017ce z grzechu pierworodnego. Ponadto Chrzest w\u0142\u0105cza nas do wsp&oacute;lnoty wierz\u0105cych w Chrystusa, czyli &nbsp;do Ko\u015bcio\u0142a. <\/span><\/span><\/span>\n\t<\/li>\n<\/ul>\n<p>\n\t&nbsp;\n<\/p>\n<p>\n\t<span style=\"color:#000000;\"><!--more--><\/span>\n<\/p>\n<p>\n\t<span style=\"color:#000000;\"><span style=\"font-size:16px;\"><span style=\"font-family:georgia,serif;\">Sakrament Chrztu \u015awi\u0119tego&nbsp;ustanowi\u0142 Jezus Chrystus, a jego sprawowanie powierzy\u0142 wraz z Ewangeli\u0105 swojemu Ko\u015bcio\u0142owi, gdy nakaza\u0142 Aposto\u0142om:&nbsp;<em>&bdquo;Id\u017acie i nauczajcie wszystkie narody, udzielaj\u0105c im chrztu w imi\u0119 Ojca i Syna i Ducha \u015awi\u0119tego.&rdquo;<\/em>&nbsp;(Mt 28,19).<\/span><\/span><\/span>\n<\/p>\n<ul>\n<li style=\"text-align: center;\">\n<pre style=\"text-align: left;\">\r\n<span style=\"color:#000000;\"><span style=\"font-size:16px;\"><span style=\"font-family:georgia,serif;\"><strong>Rodzice dziecka<\/strong><\/span><\/span><\/span><\/pre>\n<\/li>\n<\/ul>\n<p>\n\t<span style=\"color:#000000;\"><span style=\"font-size:16px;\"><span style=\"font-family:georgia,serif;\">Przed Chrztem rodzice i&nbsp; chrzestni bior\u0105 udzia\u0142 w trzech katechezach przedchrzcielnych. <\/span><\/span><\/span>\n<\/p>\n<p>\n\t<span style=\"color:#000000;\"><span style=\"font-size:16px;\"><span style=\"font-family:georgia,serif;\">Powinni r&oacute;wnie\u017c przyst\u0105pi\u0107 do Sakramentu Pokuty, a podczas Mszy \u015awi\u0119tej chrzcielnej do Komunii \u015awi\u0119tej (dotyczy rodzic&oacute;w \u017cyj\u0105cych w Sakramencie Ma\u0142\u017ce\u0144stwa).<\/span><\/span><\/span>\n<\/p>\n<p>\n\t<span style=\"color:#000000;\"><span style=\"font-size:16px;\"><span style=\"font-family:georgia,serif;\">Po udzieleniu Chrztu, rodzice dziecka wdzi\u0119czni Bogu i wierni podj\u0119tym zadaniom, maj\u0105 obowi\u0105zek&nbsp; zadba\u0107 o :<\/span><\/span><\/span>\n<\/p>\n<ul>\n<li>\n\t\t<span style=\"color:#000000;\"><span style=\"font-size:16px;\"><span style=\"font-family:georgia,serif;\">chrze\u015bcija\u0144skie wychowanie w rodzinie,<\/span><\/span><\/span>\n\t<\/li>\n<li>\n\t\t<span style=\"color:#000000;\"><span style=\"font-size:16px;\"><span style=\"font-family:georgia,serif;\">nauczenie dziecka modlitwy,<\/span><\/span><\/span>\n\t<\/li>\n<li>\n\t\t<span style=\"color:#000000;\"><span style=\"font-size:16px;\"><span style=\"font-family:georgia,serif;\">posy\u0142anie na katechizacj\u0119,<\/span><\/span><\/span>\n\t<\/li>\n<li>\n\t\t<span style=\"color:#000000;\"><span style=\"font-size:16px;\"><span style=\"font-family:georgia,serif;\">przygotowanie do sakramentu bierzmowania,<\/span><\/span><\/span>\n\t<\/li>\n<li>\n\t\t<span style=\"color:#000000;\"><span style=\"font-size:16px;\"><span style=\"font-family:georgia,serif;\">przygotowanie do uczestnictwa w Eucharystii,<\/span><\/span><\/span>\n\t<\/li>\n<li>\n\t\t<span style=\"color:#000000;\"><span style=\"font-size:16px;\"><span style=\"font-family:georgia,serif;\">rodzice z dzieckiem uczestnicz\u0105 w niedzielenej eucharystii,<\/span><\/span><\/span>\n\t<\/li>\n<li>\n\t\t<span style=\"color:#000000;\"><span style=\"font-size:16px;\"><span style=\"font-family:georgia,serif;\">wybieraj\u0105c rodzic&oacute;w chrzestnych stosownie do wymog&oacute;w kan.874 &amp;1 KPK pami\u0119tajmy, \u017ce ka\u017cdy z nich musi byc wierz\u0105cym i praktykuj\u0105cym katolikiem aby dost\u0105pi\u0107 godno\u015bci ojca lub matki chrzestnej.<\/span><\/span><\/span>\n\t<\/li>\n<\/ul>\n<p>\n\t<span style=\"color:#000000;\"><span style=\"font-size:16px;\"><span style=\"font-family:georgia,serif;\"><strong><u>Religijne \u017cycie w rodzinie to jest:<\/u><\/strong><\/span><\/span><\/span>\n<\/p>\n<ul>\n<li>\n\t\t<span style=\"color:#000000;\"><span style=\"font-size:16px;\"><span style=\"font-family:georgia,serif;\">modlitwa,<\/span><\/span><\/span>\n\t<\/li>\n<li>\n\t\t<span style=\"color:#000000;\"><span style=\"font-size:16px;\"><span style=\"font-family:georgia,serif;\">\u017cycie sakramentalne rodzic&oacute;w i rodze\u0144stwa (zw\u0142aszcza chrze\u015bcija\u0144skie \u015bwi\u0119towanie niedzieli),<\/span><\/span><\/span>\n\t<\/li>\n<li>\n\t\t<span style=\"color:#000000;\"><span style=\"font-size:16px;\"><span style=\"font-family:georgia,serif;\">wzajemna mi\u0142o\u015b\u0107 chrze\u015bcija\u0144ska, b\u0119d\u0105ca dla dziecka najlepsz\u0105 szko\u0142\u0105 wiary.<\/span><\/span><\/span>\n\t<\/li>\n<\/ul>\n<ul>\n<li>\n\t\t<span style=\"color:#000000;\"><span style=\"font-size:16px;\"><span style=\"font-family:georgia,serif;\"><strong>Rodzice chrzestni<\/strong><\/span><\/span><\/span>\n\t<\/li>\n<\/ul>\n<p>\n\t<span style=\"color:#000000;\"><span style=\"font-size:16px;\"><span style=\"font-family:georgia,serif;\">Odno\u015bnie wyboru rodzic&oacute;w chrzestnych obowi\u0105zuj\u0105 nast\u0119puj\u0105ce przepisy ko\u015bcielne, kt&oacute;re nale\u017cy uwzgl\u0119dni\u0107 przed podj\u0119ciem decyzji wyboru ojca i matki chrzestnej. Rodzicami chrzestnymi mog\u0105 by\u0107:<\/span><\/span><\/span>\n<\/p>\n<ul>\n<li>\n\t\t<span style=\"color:#000000;\"><span style=\"font-size:16px;\"><span style=\"font-family:georgia,serif;\">Osoby religijne (wyznania katolickiego), bierzmowane, przyst\u0119puj\u0105ce do Sakrament&oacute;w \u015awi\u0119tych, a je\u015bli s\u0105 ma\u0142\u017conkami, \u017cyj\u0105ce &nbsp;w sakramentalnym zwi\u0105zku ma\u0142\u017ce\u0144skim.<\/span><\/span><\/span>\n\t<\/li>\n<li>\n\t\t<span style=\"color:#000000;\"><span style=\"font-size:16px;\"><span style=\"font-family:georgia,serif;\">Odznaczaj\u0105ce si\u0119 wystarczaj\u0105c\u0105 dojrza\u0142o\u015bci\u0105 do wype\u0142nienia swoich obowi\u0105zk&oacute;w (sko\u0144czony przynajmniej 16 rok \u017cycia).<\/span><\/span><\/span>\n\t<\/li>\n<li>\n\t\t<span style=\"color:#000000;\"><span style=\"font-size:16px;\"><span style=\"font-family:georgia,serif;\">Rodzice chrzestni maja r&oacute;wnie\u017c obowi\u0105zek uczestnictwa w nauce przedchrzcielnej.<\/span><\/span><\/span>\n\t<\/li>\n<li>\n\t\t<span style=\"color:#000000;\"><span style=\"font-size:16px;\"><span style=\"font-family:georgia,serif;\">Rodzice chrzestni b\u0119d\u0105cy spoza naszej parafii powinni przynie\u015b\u0107 od w\u0142asnego Ksi\u0119dza Proboszcza za\u015bwiadczenie potwierdzaj\u0105ce mo\u017cliwo\u015b\u0107 pe\u0142nienia godno\u015bci chrzestnego(ej).<\/span><\/span><\/span>\n\t<\/li>\n<li>\n\t\t<span style=\"color:#000000;\"><span style=\"font-size:16px;\"><span style=\"font-family:georgia,serif;\">Z okazji Chrztu dziecka chrzestni powinni przyst\u0105pi\u0107 do Spowiedzi i Komunii \u015awi\u0119tej.<\/span><\/span><\/span>\n\t<\/li>\n<\/ul>\n<p>\n\t<span style=\"color:#000000;\"><span style=\"font-size:16px;\"><span style=\"font-family:georgia,serif;\">Ko\u015bci&oacute;\u0142 stawia takie wymagania rodzicom chrzestnym, poniewa\u017c podczas obrz\u0119du Chrztu sk\u0142adaj\u0105 wyznanie wiary we w\u0142asnym imieniu oraz przyjmuj\u0105 na siebie wsp&oacute;\u0142odpowiedzialno\u015b\u0107 za chrze\u015bcija\u0144skie wychowanie dziecka, zw\u0142aszcza w przypadku, gdy dziecko utraci jedno lub oboje rodzic&oacute;w.<\/span><\/span><\/span>\n<\/p>\n<p>\n\t&nbsp;\n<\/p>\n<p>\n\t&nbsp;\n<\/p>\n<p>\n\t&nbsp;\n<\/p>\n<p>\n\t<span style=\"color:#000000;\"><span style=\"font-size:16px;\"><span style=\"font-family:georgia,serif;\"><img loading=\"lazy\" decoding=\"async\" alt=\"chrzest\" class=\"alignnone size-medium wp-image-94 aligncenter\" height=\"300\" src=\"https:\/\/parafia-ostrorog.pl\/wp-content\/uploads\/2016\/08\/chrzest-244x300.jpg\" width=\"244\" srcset=\"https:\/\/parafia-ostrorog.pl\/wp-content\/uploads\/2016\/08\/chrzest-244x300.jpg 244w, https:\/\/parafia-ostrorog.pl\/wp-content\/uploads\/2016\/08\/chrzest-768x944.jpg 768w, https:\/\/parafia-ostrorog.pl\/wp-content\/uploads\/2016\/08\/chrzest-833x1024.jpg 833w, https:\/\/parafia-ostrorog.pl\/wp-content\/uploads\/2016\/08\/chrzest.jpg 967w\" sizes=\"auto, (max-width: 244px) 100vw, 244px\" \/><\/span><\/span><\/span>\n<\/p>\n<ul>\n<li>\n\t\t<span style=\"color:#000000;\"><span style=\"font-size:16px;\"><span style=\"font-family:georgia,serif;\"><strong>Dokumenty potrzebne do sakramentu chrztu:<\/strong><\/span><\/span><\/span>\n\t<\/li>\n<li>\n\t\t<span style=\"color:#000000;\"><span style=\"font-size:16px;\"><span style=\"font-family:georgia,serif;\">Akt urodzenia dziecka &ndash; odpis.<\/span><\/span><\/span>\n\t<\/li>\n<li>\n\t\t<span style=\"color:#000000;\"><span style=\"font-size:16px;\"><span style=\"font-family:georgia,serif;\">Wyci\u0105g z aktu \u015blubu ko\u015bcielnego rodzic&oacute;w.<\/span><\/span><\/span>\n\t<\/li>\n<li>\n\t\t<span style=\"color:#000000;\"><span style=\"font-size:16px;\"><span style=\"font-family:georgia,serif;\">Dane rodzic&oacute;w chrzestnych.<\/span><\/span><\/span>\n\t<\/li>\n<li>\n\t\t<span style=\"color:#000000;\"><span style=\"font-size:16px;\"><span style=\"font-family:georgia,serif;\">Za\u015bwiadczenie z parafii zamieszkania rodzic&oacute;w chrzestnych o praktykowaniu wiary.<\/span><\/span><\/span>\n\t<\/li>\n<li>\n\t\t<span style=\"color:#000000;\"><span style=\"font-size:16px;\"><span style=\"font-family:georgia,serif;\"><strong>Obrz\u0119dy sakramentu chrztu:<\/strong><\/span><\/span><\/span>\n\t<\/li>\n<\/ul>\n<p>\n\t<span style=\"color:#000000;\"><span style=\"font-size:16px;\"><span style=\"font-family:georgia,serif;\">W czasie chrztu dziecko powinna trzyma\u0107 matka szczeg&oacute;lnie w trzech momentach&nbsp; (g\u0142&oacute;wka dziecka na prawej r\u0119ce):<\/span><\/span><\/span>\n<\/p>\n<ul>\n<li>\n\t\t<span style=\"color:#000000;\"><span style=\"font-size:16px;\"><span style=\"font-family:georgia,serif;\">Obrz\u0119dy wst\u0119pne i wniesienie dziecka<\/span><\/span><\/span>\n\t<\/li>\n<li>\n\t\t<span style=\"color:#000000;\"><span style=\"font-size:16px;\"><span style=\"font-family:georgia,serif;\">Chrzest \u015awi\u0119ty<\/span><\/span><\/span>\n\t<\/li>\n<\/ul>\n<p>\n\t<span style=\"color:#000000;\"><span style=\"font-size:16px;\"><span style=\"font-family:georgia,serif;\">Chrzci si\u0119 przez trzykrotne zanurzenie kandydata w wodzie lub przez &nbsp;trzykrotne polanie wod\u0105 jego g\u0142owy, wypowiadaj\u0105c przy tym s\u0142owa:<strong>&quot;N (imi\u0119 ), ja ciebie chrzcz\u0119 w imi\u0119 Ojca i Syna i Ducha \u015awi\u0119tego&quot;.<\/strong><\/span><\/span><\/span>\n<\/p>\n<ul>\n<li>\n\t\t<span style=\"color:#000000;\"><span style=\"font-size:16px;\"><span style=\"font-family:georgia,serif;\">Uroczyste b\u0142ogos\u0142awie\u0144stwo<\/span><\/span><\/span>\n\t<\/li>\n<\/ul>\n<ul>\n<li>\n\t\t<span style=\"color:#000000;\"><span style=\"font-size:16px;\"><span style=\"font-family:georgia,serif;\"><strong>Rzeczy potrzebne do chrztu<\/strong>:<\/span><\/span><\/span>\n\t<\/li>\n<li>\n\t\t<span style=\"color:#000000;\"><span style=\"font-size:16px;\"><span style=\"font-family:georgia,serif;\"><strong>Bia\u0142a szata&nbsp;<\/strong>ukazuje, \u017ce ochrzczony &quot;przyoblek\u0142 si\u0119 w Chrystusa&quot; &nbsp;(Ga 3,27) i&nbsp;zmartwychwsta\u0142 z Chrystusem.<\/span><\/span><\/span>\n\t<\/li>\n<li>\n\t\t<span style=\"color:#000000;\"><span style=\"font-size:16px;\"><span style=\"font-family:georgia,serif;\"><strong>\u015awieca&nbsp;<\/strong>zapalona od pascha\u0142u oznacza, \u017ce Chrystus o\u015bwieci\u0142 ochrzczonego i \u017ce ochrzczeni s\u0105 w&nbsp;Chrystusie &quot;\u015bwiat\u0142em \u015bwiata&quot; (Mt 5,14).<\/span><\/span><\/span>\n\t<\/li>\n<\/ul>\n<p>\n\t&nbsp;\n<\/p>\n<p>\n\t&nbsp;<\/p>\n","protected":false},"excerpt":{"rendered":"<p>SAKRAMENT CHRZTU Chrzest jest pierwszym (bez tego sakramentu nie mo\u017cna przyj\u0105\u0107 pozosta\u0142ych) i najwa\u017cniejszym sakramentem, bo daje udzia\u0142 w \u017cyciu Bo\u017cym i moc\u0105 Ducha \u015awi\u0119tego oczyszcza z wszelkich grzech&oacute;w, tak\u017ce z grzechu pierworodnego. Ponadto Chrzest w\u0142\u0105cza nas do wsp&oacute;lnoty wierz\u0105cych w Chrystusa, czyli &nbsp;do Ko\u015bcio\u0142a. &nbsp;<\/p>\n","protected":false},"author":1,"featured_media":467,"parent":24,"menu_order":1,"comment_status":"closed","ping_status":"closed","template":"","meta":{"ngg_post_thumbnail":0,"footnotes":""},"class_list":["post-26","page","type-page","status-publish","has-post-thumbnail","hentry"],"_links":{"self":[{"href":"https:\/\/parafia-ostrorog.pl\/index.php\/wp-json\/wp\/v2\/pages\/26","targetHints":{"allow":["GET"]}}],"collection":[{"href":"https:\/\/parafia-ostrorog.pl\/index.php\/wp-json\/wp\/v2\/pages"}],"about":[{"href":"https:\/\/parafia-ostrorog.pl\/index.php\/wp-json\/wp\/v2\/types\/page"}],"author":[{"embeddable":true,"href":"https:\/\/parafia-ostrorog.pl\/index.php\/wp-json\/wp\/v2\/users\/1"}],"replies":[{"embeddable":true,"href":"https:\/\/parafia-ostrorog.pl\/index.php\/wp-json\/wp\/v2\/comments?post=26"}],"version-history":[{"count":15,"href":"https:\/\/parafia-ostrorog.pl\/index.php\/wp-json\/wp\/v2\/pages\/26\/revisions"}],"predecessor-version":[{"id":1677,"href":"https:\/\/parafia-ostrorog.pl\/index.php\/wp-json\/wp\/v2\/pages\/26\/revisions\/1677"}],"up":[{"embeddable":true,"href":"https:\/\/parafia-ostrorog.pl\/index.php\/wp-json\/wp\/v2\/pages\/24"}],"wp:featuredmedia":[{"embeddable":true,"href":"https:\/\/parafia-ostrorog.pl\/index.php\/wp-json\/wp\/v2\/media\/467"}],"wp:attachment":[{"href":"https:\/\/parafia-ostrorog.pl\/index.php\/wp-json\/wp\/v2\/media?parent=26"}],"curies":[{"name":"wp","href":"https:\/\/api.w.org\/{rel}","templated":true}]}}