{"id":8,"date":"2016-08-03T17:34:58","date_gmt":"2016-08-03T15:34:58","guid":{"rendered":"http:\/\/parafia-ostrorog.pl\/?page_id=8"},"modified":"2026-04-11T08:28:47","modified_gmt":"2026-04-11T06:28:47","slug":"ogloszenia-duszpasterskie","status":"publish","type":"page","link":"https:\/\/parafia-ostrorog.pl\/index.php\/informacje\/ogloszenia-duszpasterskie\/","title":{"rendered":"Og\u0142oszenia parafialne"},"content":{"rendered":"\n<p><\/p>\n\n\n<h5><span style=\"color: #000000;\"><img loading=\"lazy\" decoding=\"async\" class=\"alignnone size-full wp-image-16042\" src=\"https:\/\/parafia-ostrorog.pl\/wp-content\/uploads\/2025\/11\/msza-e1764411669590.jpg\" alt=\"\" width=\"204\" height=\"284\">&nbsp; &nbsp; &nbsp;&nbsp;<\/span><strong style=\"color: #23282d; font-size: 1.4em;\"><span style=\"color: #000000;\">OG\u0141OSZENIA PARAFIALNE<br><\/span><\/strong><span style=\"color: #000000;\"><strong>&nbsp; &nbsp; &nbsp; &nbsp; &nbsp; &nbsp; &nbsp; &nbsp; &nbsp; &nbsp; &nbsp; &nbsp; &nbsp; &nbsp; &nbsp; &nbsp; &nbsp; &nbsp; &nbsp; &nbsp; &nbsp; &nbsp; &nbsp; &nbsp; &nbsp; &nbsp; &nbsp; &nbsp; &nbsp; &nbsp; &nbsp; &nbsp; &nbsp; &nbsp; &nbsp; &nbsp; &nbsp; &nbsp; &nbsp; 12.04.2026r.&nbsp; &nbsp; &nbsp; &nbsp; &nbsp; &nbsp; <\/strong><\/span><\/h5>\n<h5 style=\"text-align: left;\"><span style=\"color: #000000;\"><strong>&nbsp; &nbsp; &nbsp; &nbsp; &nbsp; &nbsp; &nbsp; &nbsp; &nbsp; &nbsp; &nbsp; &nbsp; &nbsp; &nbsp; &nbsp; &nbsp; &nbsp; &nbsp; &nbsp; &nbsp; &nbsp; &nbsp; &nbsp; &nbsp; &nbsp; &nbsp; &nbsp; &nbsp; &nbsp; &nbsp; &nbsp; &nbsp; &nbsp; &nbsp; &nbsp; &nbsp; &nbsp;Niedziela Mi\u0142osierdzia Bo\u017cego<span style=\"color: #000000;\"><br>&nbsp; &nbsp; &nbsp; &nbsp; &nbsp; &nbsp; &nbsp; &nbsp; &nbsp; &nbsp; &nbsp; &nbsp; &nbsp; &nbsp; &nbsp; &nbsp; &nbsp; &nbsp; &nbsp; &nbsp; &nbsp; &nbsp; &nbsp; &nbsp; &nbsp; &nbsp; &nbsp; &nbsp; &nbsp;&nbsp;<\/span><\/strong><\/span><\/h5>\n<h1>&nbsp;<\/h1>\n<h2><!--more--><\/h2>\n<h2><span style=\"color: #0000ff;\">Przed ko\u015bcio\u0142em po ka\u017cdej Mszy \u015bw. zbi\u00f3rka do puszek na Caritas&nbsp;&nbsp;&nbsp; Archidiecezjaln\u0105.<\/span><\/h2>\n<ol>\n<li>\n<h2><span style=\"color: #0000ff;\">W drug\u0105 niedziel\u0119 Wielkanocn\u0105 rozwa\u017camy Mi\u0142osierdzie Bo\u017ce.<\/span><\/h2>\n<\/li>\n<\/ol>\n<h2><span style=\"color: #0000ff;\">Koronka do Mi\u0142osierdzia Bo\u017cego o godz. 15:00 .<\/span><\/h2>\n<ol start=\"2\">\n<li>\n<h2><span style=\"color: #0000ff;\">Msze \u015bw. <\/span><span style=\"color: #0000ff; font-size: revert; font-weight: revert;\">w niedziel\u0119: o godz.7:30, 9:00, 10:00 i 11:00&nbsp;&nbsp; w Oporowie w sobot\u0119 o godz. 18:00.<\/span><\/h2>\n<\/li>\n<\/ol>\n<h2><span style=\"color: #0000ff;\">&nbsp; &nbsp; &nbsp;W tygodniu Msza \u015bw. o godz. 17:00.<\/span><\/h2>\n<h2><span style=\"color: #0000ff;\">&nbsp;&nbsp;&nbsp;&nbsp; Nowenna do Matki Bo\u017cej Nieustaj\u0105cej Pomocy w \u015brod\u0119 razem z<\/span><\/h2>\n<h2><span style=\"color: #0000ff;\">&nbsp;&nbsp;&nbsp;&nbsp; Msz\u0105 \u015bw.<\/span><\/h2>\n<ol start=\"3\">\n<li>\n<h2><span style=\"color: #0000ff;\">We wtorek \u015bwi\u0119to Chrztu Polski.<\/span><\/h2>\n<\/li>\n<li>\n<h2><span style=\"color: #0000ff;\">W przysz\u0142\u0105 niedziel\u0119 przypada Niedziela Biblijna, rozpoczyna si\u0119 Tydzie\u0144 Biblijny i Narodowe czytanie Pisma \u015awi\u0119tego.<\/span><\/h2>\n<\/li>\n<\/ol>\n<h2><span style=\"color: #0000ff;\">&nbsp;&nbsp;&nbsp;&nbsp;&nbsp;<\/span><\/h2>\n<h2>&nbsp;<\/h2>\n<h3 style=\"text-align: center;\"><span style=\"color: #31eb07;\"><span style=\"color: #00ff00;\"><strong>Przypominam, <\/strong><\/span><strong><span style=\"color: #00ff00;\">i\u017c w my\u015bl regulaminu cmentarza w dalszym ci\u0105gu do ponownego poch\u00f3wku b\u0119d\u0105 przeznaczone mogi\u0142y zaniedbane i te gdzie przez wiele lat nie by\u0142a<\/span> przed\u0142u\u017cana prolongata.<\/strong><\/span><\/h3>\n<h3 style=\"text-align: center;\"><span style=\"color: #31eb07;\"><strong>Prolongat\u0119 nale\u017cy przed\u0142u\u017cy\u0107 w biurze parafialnym po wieczornej Mszy \u015bw.<\/strong><\/span><\/h3>\n<h3 style=\"text-align: center;\"><span style=\"color: #31eb07;\"><strong>W tym roku ko\u0144czy si\u0119 prolongata wszystkich kt\u00f3rzy byli pochowani w 2006r.<\/strong><\/span><\/h3>\n<h3 style=\"text-align: center;\"><span style=\"color: #31eb07;\"><strong>Ofiary zbierane przy bramach cmentarza b\u0119d\u0105 przeznaczone na remont wie\u017cy na \u015bwi\u0105tyni parafialnej.<\/strong><\/span><\/h3>\n<h3 style=\"text-align: center;\"><span style=\"color: #008000;\"><strong><span style=\"color: #31eb07;\">&nbsp;&nbsp;&nbsp;&nbsp;&nbsp;&nbsp;&nbsp;&nbsp;&nbsp;&nbsp;&nbsp;&nbsp;&nbsp;&nbsp;&nbsp;&nbsp;&nbsp;&nbsp; Ks. Proboszcz<\/span><br>&#8212;&#8212;&#8212;&#8212;&#8212;&#8212;&#8212;&#8212;&#8212;&#8212;&#8212;&#8212;&#8212;&#8212;&#8212;&#8212;&#8212;&#8212;&#8212;&#8212;&#8212;&#8212;&#8212;&#8211;<\/strong><\/span><\/h3>\n<h2 style=\"text-align: center;\">&nbsp;<\/h2>\n<p>&nbsp;<\/p>\n<p>&nbsp;<\/p>\n<p>&nbsp;<\/p>\n<p>&nbsp;<\/p>\n<h2>&nbsp;<\/h2>\n<h2>&nbsp;<\/h2>\n<h2>&nbsp;<\/h2>\n<h2>&nbsp;<\/h2>\n<h2>&nbsp;<\/h2>\n<h2>&nbsp;<\/h2>\n<h2>&nbsp;<\/h2>\n\n\n<p><\/p>\n\n\n\n<p><\/p>\n","protected":false},"excerpt":{"rendered":"<p>&nbsp; &nbsp; &nbsp;&nbsp;OG\u0141OSZENIA PARAFIALNE&nbsp; &nbsp; &nbsp; &nbsp; &nbsp; &nbsp; &nbsp; &nbsp; &nbsp; &nbsp; &nbsp; &nbsp; &nbsp; &nbsp; &nbsp; &nbsp; &nbsp; &nbsp; &nbsp; &nbsp; &nbsp; &nbsp; &nbsp; &nbsp; &nbsp; &nbsp; &nbsp; &nbsp; &nbsp; &nbsp; &nbsp; &nbsp; &nbsp; &nbsp; &nbsp; &nbsp; &nbsp; &nbsp; &nbsp; 12.04.2026r.&nbsp; &nbsp; &nbsp; &nbsp; &nbsp; &nbsp; &nbsp; &nbsp; &nbsp; &nbsp; &nbsp; &nbsp; &nbsp; [&hellip;]<\/p>\n","protected":false},"author":1,"featured_media":5462,"parent":6,"menu_order":0,"comment_status":"closed","ping_status":"closed","template":"","meta":{"ngg_post_thumbnail":0,"footnotes":""},"class_list":["post-8","page","type-page","status-publish","has-post-thumbnail","hentry"],"_links":{"self":[{"href":"https:\/\/parafia-ostrorog.pl\/index.php\/wp-json\/wp\/v2\/pages\/8","targetHints":{"allow":["GET"]}}],"collection":[{"href":"https:\/\/parafia-ostrorog.pl\/index.php\/wp-json\/wp\/v2\/pages"}],"about":[{"href":"https:\/\/parafia-ostrorog.pl\/index.php\/wp-json\/wp\/v2\/types\/page"}],"author":[{"embeddable":true,"href":"https:\/\/parafia-ostrorog.pl\/index.php\/wp-json\/wp\/v2\/users\/1"}],"replies":[{"embeddable":true,"href":"https:\/\/parafia-ostrorog.pl\/index.php\/wp-json\/wp\/v2\/comments?post=8"}],"version-history":[{"count":1074,"href":"https:\/\/parafia-ostrorog.pl\/index.php\/wp-json\/wp\/v2\/pages\/8\/revisions"}],"predecessor-version":[{"id":16174,"href":"https:\/\/parafia-ostrorog.pl\/index.php\/wp-json\/wp\/v2\/pages\/8\/revisions\/16174"}],"up":[{"embeddable":true,"href":"https:\/\/parafia-ostrorog.pl\/index.php\/wp-json\/wp\/v2\/pages\/6"}],"wp:featuredmedia":[{"embeddable":true,"href":"https:\/\/parafia-ostrorog.pl\/index.php\/wp-json\/wp\/v2\/media\/5462"}],"wp:attachment":[{"href":"https:\/\/parafia-ostrorog.pl\/index.php\/wp-json\/wp\/v2\/media?parent=8"}],"curies":[{"name":"wp","href":"https:\/\/api.w.org\/{rel}","templated":true}]}}